= 22*w - 59091. What is the tens digit of (-1 - 0)/(1 - w/3952)?
9
What is the tens digit of (-16223)/(-4) - -10*(-48)/640?
5
Suppose -2*x - x = 3*y - 42, -y = 5*x - 74. Suppose -254 = -x*g + 1. Let w(k) = k**3 - 17*k**2 + 23. What is the units digit of w(g)?
3
What is the thousands digit of 55169 - (3 + -1) - 13?
5
Suppose 0 = 9*t + 10*t + 1026. Let v = t + 95. What is the units digit of v?
1
Suppose 891 = 8*z - 7*z - 3*m, -4*m = -12. Suppose -30*y + 21*y = -z. What is the hundreds digit of y?
1
Suppose 4*u = z - 12, -z - 2*z + 4 = -4*u. Let g be (-3290)/(-42) - u/6. Let j = g + -41. What is the units digit of j?
8
Suppose -2*v + 6 = -3*v. Let b be (2422/21)/((-4)/v). Suppose 6*r = r + 4*y + b, 3*r + y - 114 = 0. What is the units digit of r?
7
Let k(z) = -3*z**3 - 17*z**2 + z - 9. Let p be k(-7). Suppose 0 = 3*b - 18 - p. What is the units digit of b?
6
Suppose -3805 - 21571 = -8*z. Let l = z - 1774. What is the thousands digit of l?
1
Suppose 0 = 5*b + 4*j - 26, 5*b = 3*j - 3 + 1. Suppose -y + 5*y = 0. Suppose y = b*a + 19 - 101. What is the units digit of a?
1
Suppose 225*m = 4*v + 228*m - 88394, -m = -4*v + 88402. What is the ten thousands digit of v?
2
Let v(a) = a**3 + 7*a**2 - 12*a - 2. Let q be v(-8). Let l be (-10)/75 + 2194/q. Suppose 5*r - l - 52 = -4*p, 2*p + 32 = 2*r. What is the tens digit of r?
2
Let y(m) = 247*m + 91. What is the tens digit of y(11)?
0
What is the hundreds digit of (-1 - (-616)/70*(-54)/1)*-35?
6
Let k = -25 + 19. Let c be 10/k - (-5)/(-15). What is the units digit of 407/22 + c/(-4)?
9
Suppose 2*q - s + 6*s = 1, 29 = 4*q + s. Suppose z = 3*d + q, 17*d - z = 12*d - 16. What is the units digit of (15/9 - 1)/(d/(-1338))?
3
Suppose -5*f = -q + 5 + 6, -84 = -5*q - 4*f. Suppose -274 = -5*y + p, -11*p + q*p - 34 = -y. What is the tens digit of y?
5
What is the units digit of ((-70640)/6)/(-5)*(-9)/(-6)?
2
Let g(v) = -v**3 - 6*v**2 + 5*v - 12. Let n be g(-7). Suppose -395 = -3*w - 7*q + n*q, -129 = -w - 3*q. What is the units digit of w - ((1 - 2) + 4)?
2
Suppose 4*f - 4*l - l - 33 = 0, -4*l = -f. Suppose 2*j - 1232 = 2056. Suppose -24*k = -f*k - j. What is the units digit of k?
7
Let o = -112 + 112. Suppose o = -3*d + n + 504, -5*d + 88 + 760 = n. What is the tens digit of d?
6
Suppose -53*g + 108756 = 4*a - 49*g, -6*a = 4*g - 163136. What is the tens digit of a?
9
What is the ten thousands digit of (-3418)/(-4)*(-24)/20*385/(-33)?
1
Suppose -3*b = -4*c + 740 + 8282, 8 = 4*b. What is the units digit of c?
7
Let p(n) = n**2 + 10*n + 29. Let f be p(-9). Let d be (-5 + 75/f)*-4. Suppose 0 = 2*j + d*j - 553. What is the tens digit of j?
7
Suppose 12*c + 4*x = 17*c - 11381, -x = -1. What is the units digit of c?
7
Suppose 0 = -4*r + 2*v + 49832, -4*v + 297 - 273 = 0. What is the thousands digit of r?
2
What is the thousands digit of (-14782)/3*(14 - 279/18)?
7
Let p be ((1 + -2)*-118)/(6/(-141)). Let g = p - -4541. What is the thousands digit of g?
1
Let y(h) = -2*h**3 - 153*h**2 - 3*h - 153. What is the hundreds digit of y(-77)?
0
Let h = -538 - -523. What is the tens digit of ((-5)/1)/(h/465)?
5
Suppose 10*n = -4*u + 5*n + 2226, 2*u + 5*n - 1118 = 0. Suppose 2*a + 5*p = 238, 5*a - p = u + 41. What is the tens digit of a?
1
Suppose 0 = -4*k - 4*v + 76, -2*k + 30 = v - 5. Suppose k*c + 0*c + 336 = 0. Let w = 80 - c. What is the tens digit of w?
0
What is the units digit of (-2)/(-5)*(-30)/12*14*-97?
8
Let l = -80 + 861. Let w = -268 + l. Suppose 0 = 8*q - w - 255. What is the tens digit of q?
9
Let i(w) = -210*w - 887. What is the hundreds digit of i(-12)?
6
Suppose -418 = 2*r - 124. What is the units digit of (3486/r)/((-1)/7)?
6
Let a = 1076 - -15060. What is the hundreds digit of a?
1
Let i(t) be the second derivative of t**4/6 - 7*t**3/2 + 12*t**2 - 84*t. Suppose 7*q + 112 = 14*q. What is the units digit of i(q)?
0
Let n = 66 - 127. Let p = 64 + n. What is the tens digit of -50*(p - 65/10)?
7
Suppose 47 = 4*b + 3*y, 8*b - 3*b - 56 = -y. Let o(q) = -q**3 + 14*q**2 - 5*q - 11. What is the units digit of o(b)?
7
Let z(k) = 3*k**3 + 17*k**2 - 31 - 10 + 0*k**2 - 11*k - 4*k**3. What is the hundreds digit of z(15)?
2
Let c(m) = -1 + 1 + m - 28 - 7*m. Let z be c(11). Let l = z - -166. What is the tens digit of l?
7
Let l(o) = 0*o - 28 + 7*o - 23*o. Let x be l(20). Let m = x - -511. What is the units digit of m?
3
What is the units digit of 18526287/299 + (-88)/(-506)?
1
Let w = 1035 - 1047. Let u = -133 - -239. Let j = w + u. What is the units digit of j?
4
Suppose 4*y = n - 28054, 3*n - 124478 = 5*y - 40316. What is the tens digit of n?
5
Let m(z) = -6*z**3 - 4*z**2 + 87*z + 976. What is the hundreds digit of m(-17)?
8
Suppose 4*j + 1212 = -3*x, -4*x + 1293 + 222 = -5*j. What is the hundreds digit of (-3)/(18/j)*4/2?
1
Suppose 5*b - 3418 = 3*u + 782, u - 1680 = -2*b. Suppose b = 279*l - 265*l. What is the tens digit of l?
6
Let p(g) = 37 - 43*g - 38 - 80. What is the units digit of p(-15)?
4
Let m(o) = o**2 + o + 3. Let x = 78 + -78. Let l be m(x). What is the units digit of (l - (-5)/(-3))*6/4?
2
Suppose -330*w + 330*w = 5*b, 2*w + 4*b = 62406. What is the thousands digit of w?
1
Let m = 13 + -9. Suppose 0 = 3*v + g + 36, 5*v + 47 = -m*g - 13. What is the units digit of (-5052)/(-72) - (-2)/v?
0
Let i(m) = -m**2 + 22*m - 38. Let y be i(17). Suppose 0 = -l + y + 570. Suppose -4*v - 41 = -l. What is the hundreds digit of v?
1
Suppose a + 5 = 2*x, -x - 7 = -2*x - 4*a. Suppose 587 = 4*k + 3*u, -4*u = -x*k + 213 + 221. Suppose 122 = 4*l - k. What is the tens digit of l?
6
Suppose 0 = 8*f - 5*i - 123196, 2*f - 5*f + i + 46202 = 0. What is the thousands digit of f?
5
Suppose 0 = 3*g - 2*j - 5099, -j + 2625 = 4*g - 4181. What is the thousands digit of g?
1
Suppose 198 = -0*t + 3*t - 3*c, 5*t + 3*c - 362 = 0. Let j be t/22 + 8/(-44). Suppose 2*s - j*f - 182 = 0, -7*f + 8 = -3*f. What is the units digit of s?
4
Suppose -86 = -3*o + 4*n, 0 = -4*o + 5*n - 6 + 120. Suppose -c = r - 0*c - o, -2*r + c = -61. Let k = 40 - r. What is the tens digit of k?
1
Suppose 87 = 2*k + 4*c - 693, 0 = 3*k + 2*c - 1154. Suppose 0 = -380*x + k*x - 158. What is the units digit of x?
9
Suppose -8*k - 12 = -6*k. Let u(r) = 14*r**2 + 9*r + 29. What is the tens digit of u(k)?
7
Let w(q) = 2*q**2 - 2*q - 2. Let p be w(-3). Suppose 24*i - p*i = 192. What is the tens digit of i?
9
Suppose 0 = 3*f + 2*y - 15857, 3*y - 5281 = -24*f + 23*f. What is the units digit of f?
7
Let p = -43 + 51. Let u be (34*(-33)/(-6))/((-1)/(-3)). Suppose 887 + u = p*q. What is the units digit of q?
1
Let a(r) = -19*r + 139. Let y(h) = 58*h - 419. Let m(c) = -7*a(c) - 2*y(c). What is the hundreds digit of m(33)?
4
Suppose 0 = -i + 5*w + 25181 + 7958, 0 = -5*i + 2*w + 165580. What is the hundreds digit of i?
1
Let m = -574 + 565. What is the tens digit of (-40)/((-72)/m) - -127?
2
Let b be 108/((-4)/10*6/(-42)). Let r = b - 1323. What is the tens digit of r?
6
Let h = 2196 - -345. What is the hundreds digit of h?
5
Let x be 32/(8/8 + 0). Let q(b) = -b**2 + 29*b + 140. What is the tens digit of q(x)?
4
Let p(h) be the second derivative of h**4/6 - h**3 + 4*h**2 + 62*h. What is the tens digit of p(8)?
8
Suppose 0 = -l - 5*o + 41748, 5*l + 71*o - 208980 = 76*o. What is the units digit of l?
8
What is the tens digit of 5053 + (59/(-118))/(1/(-18))?
6
Let r(s) = -4*s**2 - 8*s + 22. Let n be r(-4). Let o(g) = 11*g**2 + 30*g + 201. What is the units digit of o(n)?
1
Let w be 42/(-4)*-8*6/12. Let p = w - -655. What is the units digit of p?
7
Suppose 4*p = 3*b + 5729, 2*b + 6593 - 2296 = 3*p. Let j = 2678 - p. What is the tens digit of j?
4
Let v(i) = -i + 9. Let m be v(3). Suppose m = 3*d + 4*t, -4*t - 5 = -4*d + 3. Suppose 28 = d*r - 4*l, l = -r - 4 + 3. What is the units digit of r?
4
Let s be (0 + -4)*-2*(-12092)/(-32). Suppose -s = -4*o - 5*m, 2*o + 2*o = -2*m + 3014. What is the units digit of o?
2
Let g = 33204 - 12417. What is the hundreds digit of g?
7
Suppose -3*h - o + 166 = 0, -2*h + 2*o = -4*h + 104. Suppose -16 = -5*j - 2*b, 3*j + 12*b - 13*b = 14. Suppose -x + j = -h. What is the units digit of x?
1
Suppose -42288 = -1985*v + 1982*v. What is the units digit of v?
6
Let d(f) = -1. Let z(j) = -3*j + 5. Let w(o) = -d(o) + z(o). Let s be w(3). What is the tens digit of (-1 + 22)